 = 4*b**3 + 34*b**2 - 142*b + 187. Is p(57) composite?
False
Is 16/((-1664)/(-10667969)) - (-6)/16 a composite number?
True
Suppose 2*g = -2*d + 623476, 22*g - 24*g = d - 311739. Is d prime?
True
Let a = -8 - -11. Suppose -4*m = 3*h - 1274, 0 = 4*h - 8*m + 13*m - 1697. Suppose 5*t + 623 = a*u - 0*u, -2*u + 2*t = -h. Is u a prime number?
True
Let f(y) = 94*y + 277. Let c be f(-8). Let p = c - -3516. Is p a prime number?
True
Suppose -4*l - 60 = -56. Let f be 81/9 - (1 + -2)*l. Let v(w) = 26*w**2 + 19*w - 15. Is v(f) a composite number?
False
Let x(s) = -3093*s**2 - 4*s - 4. Let g be x(-1). Let p = 7628 + g. Is p a composite number?
True
Suppose -2*j + 103 = -3*j. Is (1 + 0 - 5022)*(-104 - j) a prime number?
True
Suppose -3*z = z + 5*w - 3462773, -5*w - 1731349 = -2*z. Is z a composite number?
False
Let n(i) = 3*i**2 - 36*i + 5. Let g be n(12). Suppose -6 - 34 = -g*t. Suppose t*v - 955 = 3*v. Is v prime?
True
Let p = -17637 + 30038. Is p a composite number?
False
Let k = 514423 - 226106. Is k a composite number?
False
Suppose 296243 = 5*p - 154*v + 153*v, -5*v = 2*p - 118508. Is p a composite number?
True
Let h(z) = -z**2 - z + 1. Let i(f) = -2*f**2 - 13*f + 22. Let d(q) = 3*h(q) - i(q). Let x be d(6). Suppose x*v + v = 11838. Is v a composite number?
False
Suppose -16*j = -46*j + 16200. Suppose 5*s = -2*i + j, 7*i = -2*s + 12*i + 187. Is s a composite number?
True
Let s = -43 + 49. Suppose -4*w = -w + s. Is (w - -4)/((-2)/(-293)) composite?
False
Suppose -7259286 = -115*o + 22021439. Is o a composite number?
True
Let r = -128904 + 306931. Is r a prime number?
False
Let y(i) be the third derivative of 89*i**4/8 - 20*i**3/3 + i**2 + 76. Is y(3) a composite number?
False
Suppose 4*n + 251760 = 4*m, -2158*m + 2156*m + 3*n + 125881 = 0. Is m a prime number?
True
Is 2/(-4)*-313943 - (216/(-16) + 14) a composite number?
False
Suppose -2125*s = -2133*s - 343268 + 984156. Is s a composite number?
False
Suppose -3*h - 3*m - 66370 + 221698 = 0, 0 = m - 3. Is h prime?
False
Let g(i) = -i**3 - 5*i**2 - 2*i - 5. Let x be g(-5). Suppose 2*o + p + 1048 = x*o, 5*p = 4*o - 1379. Let t = o + 190. Is t a prime number?
True
Suppose 5*f + w = 1, 4*w - 3*w - 1 = f. Suppose f = 10*p + 14622 - 113092. Is p a composite number?
True
Let s = -185199 - -298916. Is s a composite number?
False
Suppose -s + t = -6149, 0 = -2*s - 5*t + 6666 + 5597. Let m be 9/(27/s) - (-2 - -3). Suppose m = 2*r - 535. Is r composite?
False
Suppose -5*f + 3*d + 2785271 = 0, -5*d + 203622 = f - 353421. Is f a composite number?
True
Is 33768 - (-4)/(1/((-7 + 14)/(-28))) a composite number?
False
Suppose -2*x = 3*m - 3, -3*m - 33*x + 21 = -37*x. Suppose -3*f = m*h - 12858, 1136 + 16008 = 4*h - 4*f. Is h a prime number?
False
Suppose y - 3890 = -j, 17*j - 11664 = 14*j - y. Suppose 3*x - j = 5440. Is x composite?
False
Let z(s) be the second derivative of 0 + 5/2*s**2 + 29/6*s**3 + s. Is z(16) composite?
True
Suppose 0 = -8*f - 294 + 262. Is 84/6*(-74)/f a prime number?
False
Suppose 13*i - 2055288 = 12*i - 23*i. Is i a prime number?
False
Let v = -11805 - -20804. Is v a prime number?
True
Suppose 135649 = 4*d - 5*m, d + 3*d - 2*m = 135634. Suppose 4*u + d = 7*c - 2*c, -c + 6774 = u. Is c composite?
True
Suppose 109541 = t - 4*h, 72*t - 5*h + 109532 = 73*t. Is t prime?
True
Let a(c) be the third derivative of 1471*c**6/120 + c**5/12 - c**4/24 + c**3/6 + 82*c**2. Is a(2) composite?
True
Suppose -4*c - s - 25 = -86, 5*s + 40 = 3*c. Let q be 130/c*((-9)/(-6) - 0). Suppose -q + 1160 = v. Is v composite?
True
Let r = 2 - 2. Let w be 6 + -1 + (-3)/(-6)*r. Suppose w*z - 4*x - 10911 = 0, 0*x = -3*z + x + 6541. Is z a prime number?
True
Is (-1143184)/(-49) + -3 - 22/77 a composite number?
False
Suppose -21 - 4 = 5*z. Let i(j) = 19*j**2 + 15*j + 32. Let k(m) = 10*m**2 + 8*m + 17. Let r(p) = 4*i(p) - 7*k(p). Is r(z) composite?
False
Let t = -113985 + 191092. Is t prime?
False
Suppose -g + 251343 = -4*o, 93*o - 95*o - 1005400 = -4*g. Is g a prime number?
False
Let r = 12926 - 1823. Is r composite?
True
Let q(u) = -4*u + 13. Let t be (-8*1*2)/(-6 - -7). Is q(t) composite?
True
Let j(z) = 6*z**3 + 7*z**2 + 2*z. Let s be j(6). Suppose 23*k - 28*k + s = 0. Let x = k - -755. Is x prime?
False
Suppose 5*g - 27423 = 54447. Is 64/(-160) - g/(-10) prime?
True
Let q(k) = 123*k**3 - 3*k**2 - 3*k + 7. Suppose -4*f - 5*l = -3, f - l + 2 = 5. Is q(f) a prime number?
False
Let u(s) = 203*s**2 + 68*s + 742. Is u(-33) a composite number?
True
Let l be (-19155)/(-2)*(-5)/(-60)*8. Suppose 0 = b - 3*j - l, -4725 = -b - 5*j + 1660. Is b a prime number?
False
Suppose 148*u - 28786121 = 15*u. Is u prime?
False
Let n = -72317 - -153636. Is n a composite number?
True
Suppose 60*p + 4013630 - 10584050 = 0. Is p composite?
False
Let s(f) = 2*f - 15. Let l be s(0). Let t = 19 + l. Suppose 906 = 5*b + t*q, -q = -5*b + 2*q + 878. Is b prime?
False
Suppose 47*y + 149335 = 51*y + n, 0 = y + n - 37336. Is y composite?
True
Let m(v) be the first derivative of v**2/2 + 16*v - 12. Let a be m(-13). Suppose -4*r + 935 = -n, 249 = a*r - 5*n - 431. Is r a composite number?
True
Let b be 4*5/8*2. Is b/(17 - 2)*2703 prime?
False
Suppose 28*i - 25*i - 39 = -3*t, -i = 4*t - 7. Suppose 96432 = -i*j + 295707. Is j composite?
True
Suppose 4*m - 14 = s, 2*m + 0*s - 3*s - 12 = 0. Suppose -2*w + m*p - 1453 = -3*w, -4*w = 4*p - 5772. Is w prime?
False
Let x = -73 - -69. Let i = x - -8. Suppose -i*q - 39 = -1067. Is q composite?
False
Let x = 228120 + -160831. Is x a prime number?
True
Let n = -6 + 44. Is (2 - (8 - 8))*n/4 prime?
True
Suppose -f - 2*d + 266039 = 0, 3*f - 82454 = 3*d + 715699. Is f prime?
True
Let p be 3 + (-5)/10*(4 + 2). Suppose -3*w = -p*d - d - 2, -3*d = -w - 2. Is w + (4203/6 - (-5)/(-10)) a prime number?
True
Let q = -30 - -32. Suppose 4*m = -y + 2*m - q, -4*m = -2*y + 12. Suppose f = -y*f + 2127. Is f composite?
False
Let m = 44104 - 4235. Is m a prime number?
True
Suppose 0 = 14*t - 56*t - 6*t + 9627312. Is t prime?
True
Let s = 129 - 126. Suppose -3*v + 17326 = 3*z + 2*z, s*v = 5*z + 17276. Is v a prime number?
False
Let f be (-668)/(-14) + 3/63*6. Is (-55334)/(-22) + 0 + f/(-264) prime?
False
Let j(f) = -f**2 - 291*f + 153851. Is j(0) prime?
False
Let h(a) = 469*a - 19. Let p be h(3). Suppose 4 = -w, -2*w = -2*o + 6*o. Suppose 2*y = -2*j + p, 0*j + 1376 = o*y - 2*j. Is y a prime number?
True
Let m(c) = -c**3 + 189*c**2 + 545*c + 1736. Is m(191) a prime number?
True
Suppose -8*u - 249 = -4*u + s, -2*s = -2*u - 112. Let c = u - -84. Suppose 0 = -c*x + 6*x + 3655. Is x a prime number?
False
Let h = -610198 + 872625. Is h composite?
True
Let p(u) = 52*u**2 - 23*u - 11. Suppose -64 = -74*d + 78*d. Is p(d) composite?
False
Suppose -38*l + 34*l = 0. Suppose -8*t + l = -16. Suppose 3*d = 4*p - 3*p - 22, 23 = t*p + d. Is p prime?
True
Suppose -5*z = 4*r + 72, 0 = 3*z + 4*r + 40. Let n(i) = -594*i + 235. Is n(z) composite?
False
Suppose 26*i = -11*i - 16690 + 56169. Is i a prime number?
False
Is 3344111 - ((-11)/5 - (-85)/425) a composite number?
False
Let f be (-46)/(-575) - (-85296)/50. Let u = 6192 - f. Is u prime?
False
Let s be 3786*2 + (-11 - (-13 + 4)). Let p = 2695 + s. Is p composite?
True
Let d = -77 + 12. Let y = d - -38. Is -2798*(y/(-6))/(-9) a prime number?
True
Let p(m) = 6*m**2 - 15*m - 10. Let c(x) = x**3 - 8*x**2 + 2*x - 13. Let z be c(8). Suppose 8 = -z*q + 29. Is p(q) a prime number?
True
Let b be 2*-3*(-6)/4. Let m(f) = -b*f - 45*f**3 + 16*f**2 - 55*f**3 + 1 + 99*f**3. Is m(7) a prime number?
True
Let d = 2913456 - 1981361. Is d prime?
False
Suppose 3*w + 3*m - 6*m - 3 = 0, -6 = -3*w + 4*m. Let t = 10 + w. Is (3 - (-10)/t - 0)*28 a prime number?
False
Let q(c) = 2*c**2 - 4*c - 5. Let n be q(4). Suppose -12*z = -n*z. Suppose -3*a + 550 - 67 = z. Is a a composite number?
True
Let t be 6/15 + (-36)/(-10) + -1. Suppose 2*h = -z + 1212, 4*h + t*z - 1208 = 2*h. Let r = h - -24. Is r composite?
False
Let x(a) = -2*a**3 + 67*a**2 + 4*a - 1. Is x(26) a composite number?
False
Let t be (22 + -25)*1286/(-6). Let z = t + -50. Is z a composite number?
False
Let l = -259 + 264. Suppose 0 = -2*p + l*h + 21134, 6*p - 21146 = 4*p + 2*h. Is p a composite number?
True
Suppose 16*h - 105007 = -56647 + 133544. Is h prime?
True
Let b(m) = 159